the prime factors of 1542911?
1542911
What are the prime factors of 28695187?
19, 1510273
What are the prime factors of 447251?
7, 181, 353
List the prime factors of 2237681.
283, 7907
List the prime factors of 295633.
13, 22741
List the prime factors of 2204832.
2, 3, 7, 17, 193
What are the prime factors of 397911?
3, 132637
What are the prime factors of 10132328?
2, 23, 53, 1039
What are the prime factors of 18088157?
331, 54647
List the prime factors of 1199709.
3, 7, 137, 139
List the prime factors of 1348026.
2, 3, 199, 1129
What are the prime factors of 604136?
2, 13, 37, 157
List the prime factors of 1536264.
2, 3, 19, 1123
What are the prime factors of 893111?
893111
What are the prime factors of 439123?
439123
List the prime factors of 286274.
2, 143137
List the prime factors of 5033951.
13, 387227
What are the prime factors of 273?
3, 7, 13
What are the prime factors of 378066?
2, 3, 13, 37, 131
What are the prime factors of 214929?
3, 11, 13, 167
What are the prime factors of 2569370?
2, 5, 19, 13523
List the prime factors of 5638634.
2, 23, 122579
List the prime factors of 21177484.
2, 41, 139, 929
What are the prime factors of 20354632?
2, 23, 110623
List the prime factors of 19152743.
127, 239, 631
What are the prime factors of 1766205?
3, 5, 7, 89
List the prime factors of 3764631.
3, 13, 83, 1163
What are the prime factors of 1667247?
3, 23, 73, 331
What are the prime factors of 553140?
2, 3, 5, 7, 439
What are the prime factors of 11169804?
2, 3, 930817
What are the prime factors of 866218?
2, 17, 73, 349
What are the prime factors of 9138?
2, 3, 1523
List the prime factors of 96605.
5, 139
What are the prime factors of 348920?
2, 5, 11, 13, 61
List the prime factors of 6036307.
41, 147227
List the prime factors of 47470.
2, 5, 47, 101
List the prime factors of 7349708.
2, 1837427
List the prime factors of 358792.
2, 7, 43, 149
What are the prime factors of 899735?
5, 179947
List the prime factors of 1262346.
2, 3, 210391
What are the prime factors of 1085339?
919, 1181
List the prime factors of 112901.
112901
List the prime factors of 19493577.
3, 17, 43, 2963
What are the prime factors of 293680?
2, 5, 3671
List the prime factors of 8939408.
2, 31, 67, 269
What are the prime factors of 2993620?
2, 5, 7, 21383
List the prime factors of 242738.
2, 121369
List the prime factors of 131213.
131213
List the prime factors of 305569.
11, 27779
What are the prime factors of 430321?
17, 1489
What are the prime factors of 10426509?
3, 31, 12457
What are the prime factors of 5427511?
31, 175081
What are the prime factors of 622123?
622123
List the prime factors of 277281.
3, 30809
List the prime factors of 9560852.
2, 7, 341459
What are the prime factors of 1089306?
2, 3, 73, 829
What are the prime factors of 5682007?
19, 299053
List the prime factors of 6229899.
3, 13, 17749
List the prime factors of 139217.
13, 10709
What are the prime factors of 1053297?
3, 7, 5573
List the prime factors of 1603750.
2, 5, 1283
What are the prime factors of 24554?
2, 12277
List the prime factors of 3928207.
17, 269, 859
What are the prime factors of 1055132?
2, 13, 103, 197
List the prime factors of 12407457.
3, 439, 9421
What are the prime factors of 601901?
19, 79, 401
What are the prime factors of 28890830?
2, 5, 19, 53, 151
List the prime factors of 180553.
71, 2543
List the prime factors of 372243.
3, 167, 743
List the prime factors of 3608649.
3, 11, 36451
What are the prime factors of 14876068?
2, 3719017
List the prime factors of 15695093.
15695093
What are the prime factors of 46845?
3, 5, 347
What are the prime factors of 2483725?
5, 99349
List the prime factors of 199279.
349, 571
What are the prime factors of 6017301?
3, 222863
What are the prime factors of 9243990?
2, 3, 5, 7, 67, 73
What are the prime factors of 98058?
2, 3, 59, 277
List the prime factors of 648307.
11, 58937
What are the prime factors of 7942343?
7942343
What are the prime factors of 5069201?
5069201
What are the prime factors of 371455?
5, 7, 10613
List the prime factors of 4233155.
5, 421, 2011
List the prime factors of 3260232.
2, 3, 45281
What are the prime factors of 3412332?
2, 3, 7, 11, 1231
What are the prime factors of 4353902?
2, 7, 353, 881
What are the prime factors of 3766000?
2, 5, 7, 269
What are the prime factors of 1076380?
2, 5, 53819
What are the prime factors of 18234686?
2, 9117343
List the prime factors of 557059.
557059
What are the prime factors of 6449251?
1019, 6329
What are the prime factors of 5292711?
3, 588079
List the prime factors of 8964931.
257, 34883
What are the prime factors of 719281?
719281
List the prime factors of 3813460.
2, 5, 7, 27239
What are the prime factors of 522083?
522083
List the prime factors of 1065893.
1065893
List the prime factors of 3842327.
3842327
What are the prime factors of 1955927?
127, 15401
List the prime factors of 6239275.
5, 7, 101, 353
What are the prime factors of 2015115?
3, 5, 134341
What are the prime factors of 9994884?
2, 3, 37, 22511
What are the prime factors of 182262?
2, 3, 37, 821
List the prime factors of 619331.
619331
List the prime factors of 16446585.
3, 5, 31, 113, 313
List the prime factors of 125380.
2, 5, 6269
What are the prime factors of 14707144?
2, 31, 1913
List the prime factors of 14675820.
2, 3, 5, 244597
What are the prime factors of 151081?
7, 113, 191
What are the prime factors of 1458449?
61, 23909
What are the prime factors of 74374?
2, 41, 907
What are the prime factors of 1439632?
2, 89977
What are the prime factors of 5785153?
11, 525923
What are the prime factors of 312101?
312101
List the prime factors of 234601.
379, 619
List the prime factors of 71107.
211, 337
What are the prime factors of 1120191?
3, 101, 3697
What are the prime factors of 6263157?
3, 17, 227, 541
What are the prime factors of 1135737?
3, 53, 2381
List the prime factors of 7119444.
2, 3, 109, 5443
List the prime factors of 15599110.
2, 5, 43, 36277
What are the prime factors of 20320336?
2, 97, 13093
List the prime factors of 3705970.
2, 5, 370597
List the prime factors of 108752.
2, 7, 971
What are the prime factors of 816830?
2, 5, 7, 1667
List the prime factors of 21161501.
21161501
What are the prime factors of 4029367?
4029367
List the prime factors of 2784685.
5, 17, 181
List the prime factors of 25309766.
2, 643, 19681
List the prime factors of 1069435.
5, 213887
What are the prime factors of 505079?
41, 97, 127
List the prime factors of 464845.
5, 31, 2999
List the prime factors of 188684.
2, 43, 1097
List the prime factors of 2732184.
2, 3, 7, 13, 139
What are the prime factors of 1814813?
7, 11, 13, 37
List the prime factors of 13844227.
13844227
What are the prime factors of 1496965?
5, 299393
List the prime factors of 204736.
2, 7, 457
List the prime factors of 3423332.
2, 11, 643
List the prime factors of 327223.
13, 25171
What are the prime factors of 974286?
2, 3, 113, 479
List the prime factors of 12915045.
3, 5, 11, 13, 223
List the prime factors of 65130.
2, 3, 5, 13, 167
What are the prime factors of 370778?
2, 67, 2767
What are the prime factors of 1284784?
2, 59, 1361
List the prime factors of 10332895.
5, 2066579
What are the prime factors of 2440304?
2, 152519
List the prime factors of 820159.
59, 13901
What are the prime factors of 2122247?
499, 4253
List the prime factors of 94281.
3, 11, 2857
What are the prime factors of 182756?
2, 7, 61, 107
What are the prime factors of 890680?
2, 5, 7, 3181
List the prime factors of 383120.
2, 5, 4789
What are the prime factors of 5887380?
2, 3, 5, 98123
List the prime factors of 1001587.
1001587
What are the prime factors of 10058802?
2, 3, 13, 128959
List the prime factors of 473829.
3, 59, 2677
What are the prime factors of 1264244?
2, 113, 2797
List the prime factors of 1599724.
2, 7, 19, 31, 97
List the prime factors of 3660719.
43, 85133
List the prime factors of 190742.
2, 283, 337
List the prime factors of 21157281.
3, 83, 1049
What are the prime factors of 176523?
3, 29, 2029
What are the prime factors of 2870557?
2870557
List the prime factors of 560491.
560491
What are the prime factors of 784592?
2, 49037
What are the prime factors of 155382?
2, 3, 19, 29, 47
List the prime factors of 234841.
73, 3217
List the pri